965?
1
What is the units digit of 3298245?
5
What is the units digit of 171861?
1
What is the units digit of 274231?
1
What is the tens digit of 18109533?
3
What is the tens digit of 5322892?
9
What is the hundreds digit of 190705?
7
What is the hundred thousands digit of 2771864?
7
What is the thousands digit of 1197092?
7
What is the tens digit of 3402?
0
What is the hundreds digit of 561775?
7
What is the units digit of 260748?
8
What is the hundred thousands digit of 167915?
1
What is the ten thousands digit of 3744060?
4
What is the hundreds digit of 255814?
8
What is the ten thousands digit of 204236?
0
What is the ten thousands digit of 5135767?
3
What is the tens digit of 407221?
2
What is the ten thousands digit of 721015?
2
What is the thousands digit of 845058?
5
What is the hundreds digit of 773425?
4
What is the units digit of 2266997?
7
What is the thousands digit of 4675575?
5
What is the ten thousands digit of 159492?
5
What is the tens digit of 171860?
6
What is the tens digit of 2732559?
5
What is the hundreds digit of 1727333?
3
What is the thousands digit of 2887736?
7
What is the tens digit of 2341373?
7
What is the tens digit of 796546?
4
What is the thousands digit of 7100288?
0
What is the thousands digit of 11580355?
0
What is the ten thousands digit of 1171172?
7
What is the ten thousands digit of 8442380?
4
What is the tens digit of 1763882?
8
What is the ten thousands digit of 187759?
8
What is the ten thousands digit of 1770928?
7
What is the hundred thousands digit of 796686?
7
What is the ten thousands digit of 3670817?
7
What is the thousands digit of 449599?
9
What is the hundreds digit of 108108?
1
What is the thousands digit of 4027940?
7
What is the thousands digit of 18879222?
9
What is the tens digit of 1191771?
7
What is the thousands digit of 1573094?
3
What is the hundred thousands digit of 1835866?
8
What is the hundreds digit of 7238234?
2
What is the hundreds digit of 189376?
3
What is the tens digit of 2475226?
2
What is the units digit of 259385?
5
What is the tens digit of 2490673?
7
What is the hundred thousands digit of 21833034?
8
What is the units digit of 877870?
0
What is the thousands digit of 2449264?
9
What is the millions digit of 8308382?
8
What is the thousands digit of 3329718?
9
What is the hundreds digit of 1658124?
1
What is the hundreds digit of 5048933?
9
What is the hundreds digit of 1275283?
2
What is the hundreds digit of 2353178?
1
What is the tens digit of 620539?
3
What is the hundred thousands digit of 16551205?
5
What is the hundred thousands digit of 600469?
6
What is the units digit of 994232?
2
What is the millions digit of 16281458?
6
What is the tens digit of 10826?
2
What is the tens digit of 5119660?
6
What is the hundreds digit of 2575870?
8
What is the units digit of 7242234?
4
What is the ten thousands digit of 1970109?
7
What is the hundreds digit of 433468?
4
What is the hundreds digit of 328709?
7
What is the tens digit of 731436?
3
What is the hundred thousands digit of 1052409?
0
What is the millions digit of 5624303?
5
What is the tens digit of 2887112?
1
What is the hundreds digit of 401602?
6
What is the ten thousands digit of 14405169?
0
What is the units digit of 2888553?
3
What is the thousands digit of 17901858?
1
What is the tens digit of 384796?
9
What is the thousands digit of 59478?
9
What is the hundred thousands digit of 519908?
5
What is the units digit of 35149?
9
What is the units digit of 3162534?
4
What is the units digit of 2932519?
9
What is the ten thousands digit of 26194680?
9
What is the tens digit of 763855?
5
What is the thousands digit of 297683?
7
What is the millions digit of 5093089?
5
What is the units digit of 235227?
7
What is the thousands digit of 14742?
4
What is the hundred thousands digit of 1217672?
2
What is the thousands digit of 1540255?
0
What is the millions digit of 9173747?
9
What is the ten thousands digit of 3105929?
0
What is the hundreds digit of 2413924?
9
What is the tens digit of 6270019?
1
What is the millions digit of 1307315?
1
What is the tens digit of 487451?
5
What is the units digit of 258926?
6
What is the tens digit of 761407?
0
What is the tens digit of 87354?
5
What is the tens digit of 636350?
5
What is the units digit of 621739?
9
What is the ten thousands digit of 28569?
2
What is the millions digit of 15552639?
5
What is the hundred thousands digit of 1143542?
1
What is the units digit of 216093?
3
What is the hundred thousands digit of 178979?
1
What is the millions digit of 7663671?
7
What is the tens digit of 2156279?
7
What is the hundred thousands digit of 618331?
6
What is the thousands digit of 1343848?
3
What is the thousands digit of 11779732?
9
What is the millions digit of 3104995?
3
What is the millions digit of 2809290?
2
What is the thousands digit of 10521971?
1
What is the hundred thousands digit of 4359032?
3
What is the ten thousands digit of 2624787?
2
What is the tens digit of 2965065?
6
What is the units digit of 239636?
6
What is the thousands digit of 1365794?
5
What is the ten thousands digit of 7308819?
0
What is the units digit of 92839?
9
What is the millions digit of 1403567?
1
What is the thousands digit of 586155?
6
What is the hundred thousands digit of 728524?
7
What is the tens digit of 1052316?
1
What is the hundreds digit of 614850?
8
What is the hundred thousands digit of 805441?
8
What is the hundreds digit of 464151?
1
What is the thousands digit of 197264?
7
What is the thousands digit of 3025959?
5
What is the hundred thousands digit of 17448673?
4
What is the units digit of 219084?
4
What is the units digit of 15701077?
7
What is the hundreds digit of 5448431?
4
What is the millions digit of 18709703?
8
What is the units digit of 1615831?
1
What is the thousands digit of 4099524?
9
What is the thousands digit of 39577?
9
What is the tens digit of 424268?
6
What is the tens digit of 27952580?
8
What is the hundreds digit of 421853?
8
What is the hundred thousands digit of 582985?
5
What is the units digit of 8508923?
3
What is the hundreds digit of 225709?
7
What is the tens digit of 154973?
7
What is the tens digit of 3863833?
3
What is the units digit of 6413235?
5
What is the tens digit of 108520?
2
What is the ten thousands digit of 8588710?
8
What is the hundreds digit of 545778?
7
What is the ten millions digit of 29220061?
2
What is the tens digit of 175396?
9
What is the thousands digit of 1434500?
4
What is the tens digit of 8474?
7
What is the hundred thousands digit of 4596035?
5
What is the units digit of 1358313?
3
What is the thousands digit of 802102?
2
What is the thousands digit of 1108051?
8
What is the hundred thousands digit of 9134499?
1
What is the ten thousands digit of 32550839?
5
What is the thousands digit of 730240?
0
What is the hundreds digit of 1276895?
8
What is the hundred thousands digit of 286435?
2
What is the tens digit of 5291570?
7
What is the thousands digit of 6158572?
8
What is the units digit of 111573?
3
What is the hundreds digit of 162921?
9
What is the tens digit of 110827?
2
What is the hundreds digit of 4246042?
0
What is the hundred thousands digit of 3790519?
7
What is the units digit of 1802834?
4
What is the tens digit of 28985348?
4
What is the hundred thousands digit of 1264560?
2
What is the ten thousands digit of 273642?
7
What is the tens digit of 2197444?
4
What is the ten thousands digit of 369019?
6
What is the hundreds digit of 15998268?
2
What is the hundred thousands digit of 233162?
2
What is the units digit of 1048112?
2
What is the ten thousands digit of 16359916?
5
What is the hundreds digit of 1173667?
6
What is the hundreds digit of 442902?
9
What is the thousands digit of 4627419?
7
What is the ten thousands digit of 81983?
8
What is the tens digit of 7264733?
3
What is the units digit of 35041?
1
What is the ten millions digit of 12413318?
1
What is the units digit of 1435931?
1
What is the tens digit of 12584210?
1
What is the hundred thousands digit of 151682?
1
What is the tens digit of 981975?
7
What is the hundred thousands digit of 2408927?
4
What is the tens digit of 4549076?
7
What is the ten thousands digit of 13566?
1
What is the tens digit of 4133806?
0
What is the 